 be u(9). Let r be z(t). Determine p(r).
8
Let p(y) = -3*y - 2. Let v(n) = -n. Let o(q) = p(q) - 2*v(q). Suppose 3*t = -2*d - 18, -2*t + 5*d = t + 18. What is o(t)?
4
Suppose 2*b - 2*l = b - 1, 10 = -2*b - 4*l. Let h(k) = -k**2 - 2*k + 2. Let t be h(b). Let u(g) = -5*g**3 - g**2 + 1. Determine u(t).
5
Let o be (-36)/(-10) - 12/(-30). Let y(i) = -i**2 + 2*i + 1. What is y(o)?
-7
Suppose -2*r = 3*r - 15, -a = 4*r - 14. Suppose a*n + 1 = 3. Let k(g) = -12*g + 1. Determine k(n).
-11
Let c(l) be the third derivative of l**6/120 - l**5/15 + l**4/6 + 2*l**2. Suppose 5*s = 5*h + 70, 0*s = -4*s + 16. Let f = -7 - h. Determine c(f).
3
Let a be (12/(-9))/((-8)/6). Let p(b) = 2 + a - 5*b - 4. Give p(-3).
14
Let c(z) be the first derivative of -z**2/2 + 3*z - 11. What is c(-4)?
7
Let j(r) = -r**2 + 5*r - 1. Let x = 0 - -6. Let o(u) = 2*u. Let z be o(x). Let n be 1/(2/z) - 2. What is j(n)?
3
Let v(p) = -3*p + 9. Let n(z) = z - 1. Let w(h) = -4*n(h) - v(h). Let u be 42/(-4)*2/(-3). Let g = -11 + u. Determine w(g).
-1
Suppose 5*w = -2 - 3. Let q = 1 - w. Let y(j) = -1 - 3 - j**3 - j + 3 - j**q. What is y(-2)?
5
Let j(k) be the third derivative of k**6/120 - k**5/12 - k**4/24 + 4*k**2. What is j(5)?
-5
Let n(t) = 8*t**2 + 4*t + 3. Let p = -78 - -76. What is n(p)?
27
Suppose 5*w = 2*c - 6*c - 42, 2*c + 46 = -5*w. Let a = 5 + w. Let p(k) = k - 3. Let y(b) = b - 4. Let t(l) = 7*p(l) - 6*y(l). Determine t(a).
-2
Let l(c) be the first derivative of c**6/180 - c**5/60 - c**4/24 - 2*c**3/3 - 2. Let p(x) be the third derivative of l(x). Determine p(3).
11
Suppose 4*t + 8 = 2*u, 2*u - 8 = -3*u - 2*t. Suppose 0 = -4*i, 5*c = u*i + 3*i + 15. Let h(o) = o**3 - o**2 - 3*o + 4. What is h(c)?
13
Let x = 0 + 1. Suppose 0 = 4*c + 4*w - 8, -3*w + 11 = 4*c - 0*w. Let a(q) = 8*q - 3. Let p(l) = -l + 1. Let d(s) = c*p(s) + x*a(s). Give d(-4).
-10
Let i(z) = -z**2 + z + 5. Suppose 9*a - 7*a = 24. Suppose -a - 13 = -5*n. What is i(n)?
-15
Let z(w) = 89*w - 32*w - 41*w. What is z(1)?
16
Let u(v) = v**3 + 7*v**2 + 5*v - 2. Let y be u(-5). Let h be y/(-5) - 4/10. Let a(x) = -x**3 - 5*x**2 - 3*x - 5. Determine a(h).
10
Let q(w) be the first derivative of 3*w**2 + 7. Let u be q(-1). Let x(i) = -i**2 - 6*i + 4. Give x(u).
4
Let j(l) = l**3 + 4*l**2 + 2*l - 4. Let m(s) = s**3 + s**2 - s. Let f(v) = -4*v**3 + v**2 + 9*v - 2. Let t(h) = -f(h) - 3*m(h). Let y be t(5). Determine j(y).
-1
Let l(g) = -g**2 + 4*g + 2. Let i(r) be the first derivative of r**3/3 - 3*r**2/2 + r + 2. Let x be i(4). Suppose -2 = -x*y + 18. Determine l(y).
2
Suppose -5*w + 15 - 5 = 0. Let o(t) = -6*t**w + 1 - 2*t + 3*t**2 - t**3 + 0*t**2. Calculate o(-2).
1
Suppose 8*t - 11 = -19. Let g(s) be the third derivative of 3*s**4/8 + s**3/6 + s**2. What is g(t)?
-8
Let l(j) = j**2 + 6*j - 4. Let h = -12 + 7. Give l(h).
-9
Let h(t) be the second derivative of 0*t**2 + 0 + 0*t**3 - 1/60*t**6 + 1/6*t**4 + t + 1/120*t**5. Let s(a) be the third derivative of h(a). What is s(1)?
-11
Let q(a) = -4 + a - a + a. Let k(r) = -r**3 - 2*r**2. Let b be k(-2). Suppose b = 3*p - 2*c + 21, 5*c - c = p + 17. Determine q(p).
-9
Let h be 3 + 2 - (-1 + 2). Let p(j) = j**2 - 4*j + 2. Give p(h).
2
Let j be -5 + (-2 - -1)*-1. Let w = 4 + j. Let o(z) = -z**3 - z**2 + z + 1. What is o(w)?
1
Suppose -h + 2*h = 2. Let c(i) = -h*i + i - 5 - 2*i + 2*i. What is c(-4)?
-1
Let p = -2 - -4. Let y(s) = -p*s + 0*s + 7*s. Let q(z) = -z**2 + 4*z - 3. Let v be q(2). Give y(v).
5
Let m = 0 + 1. Let t(g) be the third derivative of -g**6/72 + g**5/120 - g**4/12 + g**2. Let u(v) be the second derivative of t(v). Determine u(m).
-9
Let h(l) = -5*l**2 - 2*l**2 + 6*l**2 - 8*l + 5 + 17*l. Give h(10).
-5
Suppose -2*t + f = -t - 10, 4*f = t - 25. Let q(d) be the third derivative of d**5/60 - d**4/4 + 5*d**3/6 + 8*d**2. What is q(t)?
0
Let n(p) be the first derivative of 5*p**2/2 - 3*p - 4. Calculate n(2).
7
Let i(o) = 3*o - 3. Suppose 44 = 3*l - l. Suppose l = 3*f + 5*q, 5*f + 0*f - 24 = -2*q. Give i(f).
9
Let i = -8 - -11. Let o(k) = -1 + 4*k**3 + 5*k**3 - k**3 - i*k**3. What is o(1)?
4
Let p(i) = i**3 - 5*i**2 - 8*i - 10. Let x(u) = -u**3 + 5*u**2 + 9*u + 11. Let s(c) = 3*p(c) + 2*x(c). Determine s(6).
-8
Let m(b) = -9*b**2 - b - 1. Let t(f) = -f**2 - f. Let r(d) = -m(d) + 4*t(d). Let o(v) = v**2 - v. Suppose -z + 1 = 2. Let y(n) = z*r(n) + 4*o(n). What is y(0)?
-1
Let l(j) = j + 3. Let w(m) = 2*m - 11. Let q be w(10). Let b be (-6)/q*(-18)/(-4). What is l(b)?
0
Let m be (12/(-15))/((-4)/10). Let u(l) = -1 + 0*l + m*l + 0*l + 0*l. Determine u(-4).
-9
Suppose -5*l + 5*i + 10 = 0, 4*i - 7 = -3. Let c(t) = -5*t**2 - t**3 + 2*t**l + 5*t - 3 + t**2. Give c(3).
3
Let g = -11 - -17. Let x = -3 + g. Let v(u) = -3*u + 7. Let t(d) = -d + 1. Let z(o) = -6*t(o) + v(o). Calculate z(x).
10
Suppose -3*y = 13 - 37. Suppose 2*w + y = -0. Let s(o) = o**3 + 3*o**2 - 4*o - 6. Calculate s(w).
-6
Let k(n) = -n + 5. Let r(y) = y**2 - 4*y + 5. Let b be r(6). Let g = b - 9. Let d be k(g). Let i(f) = -f**2 - 4*f - 1. Give i(d).
2
Let r(a) = a**3 - a**2 + a + 4. Let b be r(0). Let d = -83 + 89. Suppose b*u = d*u - 6. Let k(f) = f**2 + 3*f - 4. Determine k(u).
14
Let u = -6 + 7. Let h(w) = -14*w**2 - 5. Let t(q) be the first derivative of -9*q**3 - 9*q - 3. Let k(x) = -11*h(x) + 6*t(x). Calculate k(u).
-7
Let u = -12 + 11. Let s(y) = -4*y**2 + y. Calculate s(u).
-5
Let s(z) = -1 - z**3 - 3*z - 2*z**2 - 1 + 2*z. Let a = -12 - -10. Give s(a).
0
Let v(j) = -2*j**2 + 6*j + 7. Suppose -5*z = 2*b - 3, 0 = 2*z + 3*b + b - 14. Let k(d) = -d**2 - d. Let x(g) = z*v(g) + 3*k(g). Determine x(-5).
13
Let o(z) = -z**3 - 5*z**2 - 5*z - 4. Suppose -8 + 18 = 2*j. Let q be (6/j)/((-2)/5). What is o(q)?
-7
Suppose 2*k - 4*k + 8 = 0. Let a(q) be the third derivative of q**5/60 - q**4/6 + 5*q**3/6 + q**2. Calculate a(k).
5
Suppose -18*j - 25 = -13*j. Let c(d) = d + 11. Determine c(j).
6
Let p(f) = -f**3 + f**2 - 2. Suppose -3*s + 24 = -0*s. Let c = -6 + s. Calculate p(c).
-6
Let z(w) = -5 - 3*w**3 - 6*w - 2*w**2 - 2*w**2 + 2*w**3 + 12*w**2. Give z(7).
2
Let f(q) = -q - 6. Suppose -8*x = 62 + 10. What is f(x)?
3
Let l(r) = r + 3. Let z be (-4 - -3)*-5 + 1 + 0. What is l(z)?
9
Let y(u) = -u - 1. Let z(m) = 10*m + 3. Let w(b) = -15*b - 4. Let x(l) = 5*w(l) + 7*z(l). Let k(q) = -x(q) + 4*y(q). Let f = 137 - 133. What is k(f)?
-1
Let o(k) = 12*k - 11. Let y(a) = -7*a + 6. Let v(b) = 4*o(b) + 7*y(b). Suppose -c + 4*c - 18 = 0. Determine v(c).
-8
Suppose -20 - 10 = 10*o. Let s(r) = 5*r + 1. Determine s(o).
-14
Let p(u) = u**3 + u**2 - u. Let g be p(-1). Let q(o) = 686*o**3 - 2 + 3 - 689*o**3. What is q(g)?
-2
Let g(x) = 13*x + 6. Let i(a) be the first derivative of 7*a**2/2 + 3*a - 2. Let j(z) = 6*g(z) - 11*i(z). Let w = -5 + 8. What is j(w)?
6
Suppose -5*v = -14 - 16. Let i(q) = 0*q**2 + 5*q - 2*q**2 - 3 + q**2. Give i(v).
-9
Let q(n) = 2*n - 4. Let u(y) = 3*y - 5. Let b(t) = 4*q(t) - 3*u(t). What is b(2)?
-3
Let h(c) = -c - 1. Suppose 18*r = 13*r + 30. What is h(r)?
-7
Let n(h) = h**2 - 2*h - 3. Let y = -22 - -20. Give n(y).
5
Let i be (-10)/(-6) - (-3)/9. Let c(f) = f**3 - 2*f**2 - 2. Calculate c(i).
-2
Let x be (6 - -2)/((-2)/(-1)). Let k be (-3)/12 + 14/(-8). Let a(m) = m - 1. Let l(d) = 4*d - 6. Let z(r) = k*l(r) + 6*a(r). Calculate z(x).
-2
Let v(g) = 1 + 0 - 8 + g**2 - g. Give v(5).
13
Let m(h) = -7*h**2 + 3 - 8*h + 4 + 6*h**2. What is m(-9)?
-2
Let r(g) be the second derivative of g**3/6 + g**2/2 - 4*g. Determine r(-7).
-6
Let c(q) = 3*q - 3*q + 2*q**2 - 2 - 3*q. Calculate c(-2).
12
Let y(h) be the second derivative of 4*h**2 - 1/12*h**4 + 2*h + 0 - 5/6*h**3. Give y(-7).
-6
Let m(n) = n**2 - 3*n. Let b(q) = -q + 1. Let h(z) = 4*b(z) + m(z). Determine h(5).
-6
Let k(f) = -7*f - 4. Let v(s) = -2*s - 1. Let a(d) = 6*k(d) - 22*v(d). Calculate a(2).
2
Let u(v) = -5 - 4*v - 2*v**2 + 0 - v + 3*v**2. Suppose -3*m = -2*h + 11, 4*h + 5 = -m + 5*h. Let o be 1/m + 6 + 0. Determine u(o).
-5
Let y be (-1 + 6 + 2)/1. Suppose 4*l + y - 15 = 0. Let h(w) = -2*w**2 + 6*w - 4. Let m(n) = 2*n**2 - 7*n + 5. Let a(c) = -5*h(c) - 4*m(c). Calculate a(l).
4
Let h(a) = 3*a**3 - 2*a**2 - 15*a + 6. Let y(g) = -g**3 + g**2 + 5*g - 2. Let m(o) = 2*h(o) + 7*y(o). Calculate m(4).
2
Let b(q) = -q + 4. Let k(i) = i**3 - 1 - 2*i + 3*i**2 + 0*i - 1.